er when i is divided by 3?
0
What is the remainder when (240/90)/((-4)/(-138)) is divided by 25?
17
Let d be 35/25 - (2/5 - 1). Calculate the remainder when 1 + -1 - (-17 - d) is divided by 11.
8
Let d(k) = k**2 - 37*k - 5055. Calculate the remainder when (-2 - 1)*(-4 - 0) is divided by d(92).
2
Suppose 0 = 2*l - 3*b + 7*b - 58, -5*b = -25. Calculate the remainder when 90 is divided by l.
14
Suppose 0 = 3*h - 8*h + 120. Suppose 4*l = -4*l + h. Calculate the remainder when 3 is divided by l.
0
Let f(s) be the first derivative of s**2 - s + 5. Let u be f(-1). Calculate the remainder when 40 is divided by 22/4*(u + 5).
7
Suppose -150 = 3*l - 8*l. Suppose 9*z + l = 4*z. Let t(n) = -2*n + 8. Calculate the remainder when t(z) is divided by 7.
6
Let m = -2419 - -2425. What is the remainder when 89 is divided by m?
5
Suppose -11*z = z - 15108. What is the remainder when z is divided by 13?
11
Suppose 4*n - 18 = 2*j, 2*n + 4*j + 5 + 11 = 0. Calculate the remainder when (-8)/(-10) + (-714)/(-70) is divided by n.
1
Let h(j) = -j**2 + 12*j + 3. Let y be h(7). Let f = y - 0. Let l = -161 + 174. What is the remainder when f is divided by l?
12
Let b be 9/3*-1 - 1. Let q be (-1 - -4) + (-3)/1*-9. Calculate the remainder when (-234)/b*20/q is divided by 14.
11
What is the remainder when 212 is divided by (-1 - -25)/((-185)/(-15) + -12)?
68
Let a(d) = -d**3 - 53*d**2 + 52*d - 98. Calculate the remainder when 139 is divided by a(-54).
9
Suppose -7*t = 5*g - 2*t - 60, -5*t + 15 = 0. What is the remainder when 31 is divided by g?
4
What is the remainder when 284 is divided by 38 + -16 + -3 + (-4 - 0)?
14
Let u(a) = -a + 3. Let x = -6 - -21. Calculate the remainder when x is divided by u(-3).
3
Let f = -89 - -590. Calculate the remainder when f is divided by 21.
18
Suppose -20 = j + 4*l, -2*l - 15 = 5*j + l. Suppose j = -m - 2*m. Suppose -2*n + m*n + 29 = a, 97 = 5*a - 2*n. What is the remainder when 83 is divided by a?
20
Let g(f) = 8*f - 52. What is the remainder when 48 is divided by g(11)?
12
Suppose 43*x + 110 = 53*x. Calculate the remainder when 20/3*9/2 is divided by x.
8
Suppose -i + 5*l = -27, -141 = -4*i - 4*l - 33. Calculate the remainder when 96 is divided by i.
15
Suppose 2*u - c = -2*c + 53, 57 = 3*u - 3*c. What is the remainder when 70*(u/(-10))/(-6) is divided by 6?
4
Let b = -80 + 164. Suppose b + 15 = 3*g. Calculate the remainder when g is divided by 18.
15
Suppose 0 = -4*w - 16, w = 5*m - 0*w - 104. Suppose 182 + 54 = 4*d. What is the remainder when d is divided by m?
19
Suppose -15 = 4*g - 7, 3*g = m - 36. Calculate the remainder when m is divided by 23.
7
Calculate the remainder when (9 - (1 - -4)) + 481 is divided by 54.
53
Let m = -18 + 39. What is the remainder when 14/(-12) + (-25345)/(-222) + -34 is divided by m?
16
Let v(g) = -g**3 + 5*g**2 - 3*g - 3. Let i be v(4). Suppose 3*c = i - 4. Let b = c + 7. What is the remainder when 22 is divided by b?
4
Suppose 15*x - 36 = 3*x. Calculate the remainder when x is divided by ((-9)/(-6))/((-4)/(-8)).
0
Let z = 43 + -13. Let k = z + 22. What is the remainder when k is divided by 27?
25
Suppose 14*k - 10*k - 60 = 0. What is the remainder when 37 is divided by k?
7
Let x(p) = 0*p**2 - p + 5*p + p**3 + p**2 - 2 + p**2. Let m be x(3). Suppose -3*k + m = -17. Calculate the remainder when k is divided by 9.
6
Let f(d) = 36*d**3 + 2*d**2 + 4*d - 5. What is the remainder when 208 is divided by f(1)?
23
Suppose -3*c + 0*c + 9 = 0. Let m(s) be the second derivative of -s**4/12 - 2*s**3 - 3*s**2 - 3*s. Calculate the remainder when m(-11) is divided by c.
2
Calculate the remainder when 141 is divided by 367/9 - (13 - 119/9).
18
Let q(b) = -b**2 - 5*b + 3. Let d = -5 + 1. Suppose a + 2*i = -6, 0*a - i = 2*a. What is the remainder when q(d) is divided by a?
1
Let w be (42/(-45) - 10/15)*-20. Let r be (-2)/(-1) - 3/(-1). Suppose 2*i = 5*n - w, 4*i - r*i = -3*n + 20. What is the remainder when 37 is divided by n?
5
Let b(x) = 7*x**2 + x. Let r be b(1). Suppose -3*c = -r*c + 185. Calculate the remainder when c is divided by 20.
17
Suppose -18*g + 234 = -54. What is the remainder when 48 is divided by g?
0
Suppose -6*n + 3*n + 45 = 0. Suppose 2*d - n*d = -143. What is the remainder when 52 is divided by d?
8
Calculate the remainder when ((-216)/(-15))/((-54)/(-180)) is divided by 26.
22
Suppose -256 = -5*r - 51. Suppose -54 = -5*l + r. What is the remainder when 33 is divided by l?
14
Calculate the remainder when (-6762)/345*(-25)/2 is divided by 18.
11
Let g(o) = -o**3 - 22*o**2 - 50*o - 138. Calculate the remainder when 307 is divided by g(-20).
59
Let z = 992 - 976. What is the remainder when 153 is divided by z?
9
Let m(y) = 2*y - 1. Let l = -6 + 10. Let g be m(l). Suppose -4*z = -12, -2*s + 3*z - 79 = -g*s. What is the remainder when 25 is divided by s?
11
Suppose 10*a - 24 = -4. Calculate the remainder when (9/a)/(2/12) is divided by 14.
13
Suppose 47*l + 468 = 50*l. What is the remainder when l is divided by 27?
21
Let p = -68 + 100. Calculate the remainder when p is divided by 12.
8
Let k = 1833 - 1737. What is the remainder when 212 is divided by k?
20
Let p(z) = -15*z - 108. Let t(k) = -5*k - 36. Let h(d) = -4*p(d) + 11*t(d). What is the remainder when 17 is divided by h(-5)?
6
Suppose -4*k + 277 = 3*n + 64, n + 3*k = 76. Suppose 0*f - 2*f = -46. What is the remainder when n is divided by f?
21
Let h(a) = 245*a - 24. Calculate the remainder when h(3) is divided by 14.
11
Suppose -z + 133 = 5*h + 40, 4*z - 5*h = 297. What is the remainder when z is divided by 58?
20
Let x = 64 - 34. Let j be x - (-2 - -2 - 3). Let z = 104 - j. What is the remainder when z is divided by 18?
17
Suppose 3*i = -5*m - 5, 3*m + 2 = -4*i - 12. Suppose m*a - 3*a = -12. Suppose -56*v + 15 = -51*v. What is the remainder when a is divided by v?
0
Let o = 5 + -3. Let i = -39 + 64. Suppose -7*m + 2*m + i = 0. What is the remainder when m is divided by o?
1
Suppose -5*c - 3*p = -112, -52 = -4*c + c + 2*p. What is the remainder when 112 is divided by ((-1)/1)/((-1)/(c + -1))?
17
Suppose -22 = -3*s + 38. Suppose -4*h = -s, 2*h + 2*h = -5*c + 55. What is the remainder when 30*1/((-3)/(-2)) is divided by c?
6
Let q(f) = -f**3 - 16*f**2 + 30*f - 76. What is the remainder when q(-19) is divided by 20?
17
Suppose 4*s = 4*d + 468, -280 = -5*s - 5*d + 285. Calculate the remainder when s is divided by 41.
33
Suppose 5*i - 55 = 265. Calculate the remainder when ((-60)/9)/((-6)/27) is divided by ((-3)/(12/i))/(-1).
14
Suppose 5*k = 3*b + 1455, 7*b - 3*b - 556 = -2*k. Suppose 5*j - j + 3*q = 377, 3*j = -4*q + k. Calculate the remainder when j is divided by 24.
20
Suppose -47 + 11 = -4*p - v, -18 = -2*p - 5*v. Suppose 0 = 19*s - 17*s - 102. Let f = s + -25. Calculate the remainder when f is divided by p.
8
Suppose 55*q = 57*q - 200. Let o = q + -95. Suppose -4*y + 46 = 14. What is the remainder when y is divided by o?
3
Suppose 5*s = 3*t + 161, 20*t - 16*t = 5*s - 163. Calculate the remainder when 84 is divided by s.
22
Suppose -8*y = -18*y + 170. What is the remainder when 83 is divided by y?
15
Suppose -3*y + 248 = 5*y. What is the remainder when 401 is divided by y?
29
Suppose -2*b - 4 + 2 = 2*o, 0 = -o - 5. Let i be 3*(-3 + 49/3). Suppose -3*h + i = h. What is the remainder when h is divided by b?
2
Calculate the remainder when 143 is divided by ((-204)/(-3))/(2/((-12)/(-3))).
7
Suppose 246 = 2*s + 16. Let y = -68 + s. What is the remainder when y is divided by 16?
15
Suppose 21*u - 893 - 3223 = 0. Calculate the remainder when u is divided by 29.
22
Let f be (3/3)/1 + 3. Suppose -4*t = -4, 0*i - f*i = 5*t - 185. Let b(s) = -s**2 + 13*s + 1. Calculate the remainder when i is divided by b(11).
22
Calculate the remainder when -7*(-6)/105 - (-11140)/25 is divided by 24.
14
Let a = -714 + 783. What is the remainder when a is divided by 15?
9
Let d be ((-34)/51)/((-2)/9) - -2. Suppose 0 = 7*b - 3*b - 4*y - 152, 2*b - d*y = 85. Calculate the remainder when 67 is divided by b.
32
Suppose 5*j - 3*j - 5*c - 3 = 0, 2*j = -5*c + 33. What is the remainder when ((-39)/(-2))/((-6)/(-8)) is divided by j?
8
Let c(v) = -v**2 + 12*v - 13. Let f be c(11). Let j = 0 - f. Suppose j*k - 110 = -0*k. What is the remainder when k is divided by 19?
17
Suppose -2*z - 